3
In base 8, what is -2 - -4074?
4072
In base 16, what is 5 - -75ef?
75f4
In base 8, what is 4 - -376361?
376365
In base 4, what is 3110022331 - 2?
3110022323
In base 11, what is 9aa2 - -25?
a017
In base 10, what is 1241418 - 0?
1241418
In base 3, what is -200022021122 - 0?
-200022021122
In base 3, what is 100212 + 12?
101001
In base 8, what is -3 + 104256?
104253
In base 8, what is 406 + -1102?
-474
In base 14, what is 26 + 7a69?
7a91
In base 16, what is -2d0 - -10?
-2c0
In base 16, what is 579f6 + b?
57a01
In base 15, what is 5 - 1039?
-1034
In base 10, what is 54 + -266?
-212
In base 14, what is 6b12 - -2?
6b14
In base 9, what is 4 + 24752?
24756
In base 8, what is 50 + -3356?
-3306
In base 9, what is -371 + -421?
-802
In base 16, what is -2b + 33c?
311
In base 12, what is 1 - 166?
-165
In base 7, what is 502425 - 50?
502345
In base 3, what is 2202020100 - -1012?
2202021112
In base 14, what is 876 + -10a?
76a
In base 7, what is 2062443 + 2?
2062445
In base 4, what is -30 - -300131?
300101
In base 11, what is 489 - 16?
473
In base 5, what is -13002 - -1243?
-11204
In base 5, what is 1101412 - 11?
1101401
In base 15, what is -15 - -c5c1?
c5ab
In base 7, what is 5324 - 25?
5266
In base 5, what is 10 + -32?
-22
In base 6, what is -4552444 + 3?
-4552441
In base 4, what is 3101330 - 200?
3101130
In base 6, what is -5 + -5355413?
-5355422
In base 7, what is -10623351 + 3?
-10623345
In base 13, what is -5857 + -2?
-5859
In base 4, what is -1301320222 - -10?
-1301320212
In base 2, what is 101 + 1001111010011000?
1001111010011101
In base 16, what is b - -ebea?
ebf5
In base 4, what is 21 + -2032022?
-2032001
In base 4, what is 1130020 - 2113?
1121301
In base 13, what is 162 + -2a?
135
In base 2, what is -1001100111110001010000 + 11?
-1001100111110001001101
In base 7, what is -46432632 - 1?
-46432633
In base 6, what is -400241 - 110?
-400351
In base 16, what is 90 + -f0?
-60
In base 15, what is 2c8 - -19?
2e2
In base 8, what is -1272 + 305?
-765
In base 16, what is 3 + -3deec?
-3dee9
In base 16, what is 4 + -d3c7?
-d3c3
In base 8, what is -7 + -1734?
-1743
In base 12, what is -2 + -26ba27?
-26ba29
In base 15, what is 1 + 269d?
269e
In base 6, what is -1 + 5552424?
5552423
In base 6, what is 441533 + -25?
441504
In base 13, what is -5 + 543ba?
543b5
In base 2, what is 10 - 1101001111111101?
-1101001111111011
In base 2, what is 10001110010000 + -101?
10001110001011
In base 15, what is 5a7 + 668?
c20
In base 16, what is 29b + 3a?
2d5
In base 10, what is -5306 + 6?
-5300
In base 9, what is 313 - 1511?
-1187
In base 10, what is -627 - 351?
-978
In base 13, what is 3b040 + -9?
3b034
In base 6, what is -555 - -4534?
3535
In base 2, what is -1011000100001110011 + 0?
-1011000100001110011
In base 13, what is 3 + -2459a?
-24597
In base 2, what is -110011111000011 + -10?
-110011111000101
In base 16, what is -7e7f - -6?
-7e79
In base 7, what is 24022 + -15?
24004
In base 14, what is 4 + -1790c1?
-1790bb
In base 8, what is 4135 + 765?
5122
In base 9, what is -46 + -27633?
-27680
In base 4, what is -223111 - -2220?
-220231
In base 13, what is -6581 + -11?
-6592
In base 10, what is -1816 + 367?
-1449
In base 6, what is 340 - -30252?
31032
In base 4, what is 200030 - -211?
200301
In base 4, what is 10101 + 2113?
12220
In base 13, what is 788 + -22?
766
In base 14, what is -144d - -16?
-1437
In base 14, what is -10 - 864c?
-865c
In base 5, what is 12 + -4410141?
-4410124
In base 15, what is 3 - -1bab?
1bae
In base 9, what is 24 - 34274?
-34250
In base 12, what is 42aa1 + 4?
42aa5
In base 15, what is -1 + 1ae43?
1ae42
In base 16, what is -521e + -8?
-5226
In base 15, what is 26 + -10808?
-107d2
In base 11, what is -9 - -210947?
210939
In base 2, what is 10 - 10100111110001110?
-10100111110001100
In base 6, what is 143230 - -1?
143231
In base 2, what is 1 + 1011101100001101?
1011101100001110
In base 5, what is 102423 - -4214?
112142
In base 16, what is 1f5c - -7?
1f63
In base 10, what is -3 + -248531?
-248534
In base 9, what is 34 - -1260?
1304
In base 3, what is 1111222211 + -222?
1111221212
In base 7, what is 162 + 2662?
3154
In base 16, what is -18d - 1df9?
-1f86
In base 4, what is 131 + 231213?
232010
In base 8, what is -11012 + 1263?
-7527
In base 12, what is 73495 + -5?
73490
In base 5, what is -10213 - -1212?
-4001
In base 3, what is -21210101 - -102?
-21202222
In base 13, what is -29 - -255?
229
In base 3, what is 112120221221 - -11?
112120222002
In base 9, what is -3 - -1620458?
1620455
In base 5, what is 1401044 - 203?
1400341
In base 16, what is 6 + 4956?
495c
In base 10, what is 6757 - 14?
6743
In base 14, what is 26 - -28a2?
28c8
In base 5, what is 2004 - 1014?
440
In base 3, what is 21200 - -1002212?
1101112
In base 5, what is -121 + 313431?
313310
In base 2, what is 10 - -1001000110011?
1001000110101
In base 8, what is -155700 - 0?
-155700
In base 4, what is -1222230300 - 1?
-1222230301
In base 4, what is -223010 + -11?
-223021
In base 7, what is 10 - 6052?
-6042
In base 3, what is -1120 - 2211001?
-2212121
In base 4, what is -2303211222 + 2?
-2303211220
In base 16, what is 95 + -b1?
-1c
In base 9, what is 56 - 404?
-337
In base 3, what is -101 + -111222121220?
-111222122021
In base 11, what is -340 + -530a?
-564a
In base 11, what is -a601 + -50?
-a651
In base 8, what is -150 - 2435?
-2605
In base 12, what is 31a + 5?
323
In base 11, what is -287 - 23?
-2aa
In base 13, what is -24 - 699?
-6c0
In base 15, what is -6cc - -e5?
-5d7
In base 2, what is 101 - 10010110000101001?
-10010110000100100
In base 15, what is 7 + -207b?
-2074
In base 15, what is -19c44 - -1?
-19c43
In base 15, what is -2399 - -5?
-2394
In base 11, what is -21a204 - 3?
-21a207
In base 7, what is -606 + -21323?
-22232
In base 2, what is 1000010 + -100010011101?
-100001011011
In base 13, what is -48a9 + -1a?
-48c6
In base 13, what is -56 + 421a?
4194
In base 15, what is 11a4 - -5?
11a9
In base 3, what is 0 - 20020020?
-20020020
In base 12, what is 0 - -28b27?
28b27
In base 14, what is 10d8485 + -5?
10d8480
In base 6, what is 30 + -2201?
-2131
In base 14, what is a74 - -4a?
ac0
In base 11, what is -4691837 + 2?
-4691835
In base 10, what is -3 + 2181821?
2181818
In base 2, what is 10000101001110100100 + -10?
10000101001110100010
In base 13, what is 5b + -b48?
-aba
In base 16, what is 23 - 10fc?
-10d9
In base 11, what is -537 + 358?
-18a
In base 5, what is -4 - 231324?
-231333
In base 10, what is 30412 - 132?
30280
In base 3, what is 1221221 - -112020?
2111011
In base 5, what is 1 + -3001310?
-3001304
In base 2, what is 10110100000101111 - 100?
10110100000101011
In base 13, what is 7 + 52ba?
52c4
In base 14, what is -2166c - -3?
-21669
In base 15, what is -a272 + 1?
-a271
In base 3, what is 111211 + 2011?
120222
In base 13, what is 50 + a907?
a957
In base 11, what is 2 - -40a280?
40a282
In base 15, what is 6 + -b79?
-b73
In base 11, what is -12 + 377a?
3768
In base 13, what is -3 - 12a2?
-12a5
In base 10, what is 81166 - 2?
81164
In base 12, what is -152 - -148?
-6
In base 11, what is -3 - -9966?
9963
In base 6, what is -1 - 525540?
-525541
In base 16, what is -f + -8579?
-8588
In base 11, what is 20a55 - -5?
20a5a
In base 9, what is -58 + -505?
-564
In base 9, what is -4314 + 106?
-4207
In base 6, what is -2031552 - 0?
-2031552
In base 5, what is -3112021003 - -4?
-3112020444
In base 13, what is -5 + 355cc?
355c7
In base 8, what is 105 - -250126?
250233
In base 16, what is 1a89 + 8?
1a91
In base 4, what is 11030 - -120?
11210
In base 13, what is 3143 - 13?
3130
In base 11, what is 5 - -373190?
373195
In base 6, what is -1523001 + -25?
-1523030
In base 9, what is 26 - 3100?
-3063
In base 16, what is 146 + -45?
101
In base 5, what is -3 + -13321322?
-13321330
In base 7, what is -6255 - -203?
-6052
In base 13, what is 29137 + 8?
29142
In base 10, what is 902 + 47?
949
In base 14, what is 3c - 1b51?
-1b13
In base 5, what is -1 + 1232240?
1232234
In base 16, what is 659 - -24?
67d
In base 14, what is -5 - 70d3?
-70d8
In base 12, what is -87415 + 2?
-87413
In base 3, what is -10 + 200210000?
200202220
In base 11, what is -5336a + 7?
-53363
In base 14, what is d867 + -3?
d864
In base 9, what is -2 + -638168?
-638171
In base 2, what is -10100000100 - -110011101?
-1101100111
In base 13, what is 2 +